{"id":358,"date":"2026-04-18T18:14:49","date_gmt":"2026-04-18T18:14:49","guid":{"rendered":"https:\/\/calipsoweb.it\/index.php\/obiettivi\/"},"modified":"2026-05-04T14:00:18","modified_gmt":"2026-05-04T14:00:18","slug":"obiettivi","status":"publish","type":"page","link":"https:\/\/calipsoweb.it\/index.php\/obiettivi\/","title":{"rendered":"Obiettivi"},"content":{"rendered":"\t\t<div data-elementor-type=\"wp-page\" data-elementor-id=\"358\" class=\"elementor elementor-358\" data-elementor-post-type=\"page\">\n\t\t\t\t<div class=\"elementor-element elementor-element-afcbbff e-flex e-con-boxed e-con e-parent\" data-id=\"afcbbff\" data-element_type=\"container\" data-e-type=\"container\" data-settings=\"{&quot;background_background&quot;:&quot;classic&quot;}\">\n\t\t\t\t\t<div class=\"e-con-inner\">\n\t\t<div class=\"elementor-element elementor-element-924c331 e-con-full e-flex e-con e-child\" data-id=\"924c331\" data-element_type=\"container\" data-e-type=\"container\">\n\t\t\t\t<div class=\"elementor-element elementor-element-6192d4b elementor-widget elementor-widget-heading\" data-id=\"6192d4b\" data-element_type=\"widget\" data-e-type=\"widget\" data-widget_type=\"heading.default\">\n\t\t\t\t\t<h5 class=\"elementor-heading-title elementor-size-default\">Innovazione Energetica<\/h5>\t\t\t\t<\/div>\n\t\t\t\t<div class=\"elementor-element elementor-element-5c6ffb5 elementor-widget elementor-widget-heading\" data-id=\"5c6ffb5\" data-element_type=\"widget\" data-e-type=\"widget\" data-widget_type=\"heading.default\">\n\t\t\t\t\t<h2 class=\"elementor-heading-title elementor-size-default\">Ricerca e sviluppo di componenti di Celle a Combustibile<\/h2>\t\t\t\t<\/div>\n\t\t\t\t<div class=\"elementor-element elementor-element-080f2e6 elementor-widget elementor-widget-text-editor\" data-id=\"080f2e6\" data-element_type=\"widget\" data-e-type=\"widget\" data-widget_type=\"text-editor.default\">\n\t\t\t\t\t\t\t\t\t<p>Obiettivi realizzativi articolati in attivit\u00e0 di ricerca fondamentale, industriale e sperimentale<\/p>\t\t\t\t\t\t\t\t<\/div>\n\t\t\t\t<\/div>\n\t\t\t\t\t<\/div>\n\t\t\t\t<\/div>\n\t\t<div class=\"elementor-element elementor-element-adac303 e-flex e-con-boxed e-con e-parent\" data-id=\"adac303\" data-element_type=\"container\" data-e-type=\"container\">\n\t\t\t\t\t<div class=\"e-con-inner\">\n\t\t<div class=\"elementor-element elementor-element-6abaf2a e-con-full e-grid e-con e-child\" data-id=\"6abaf2a\" data-element_type=\"container\" data-e-type=\"container\">\n\t\t\t\t<div class=\"elementor-element elementor-element-f5b5304 elementor-widget elementor-widget-heading\" data-id=\"f5b5304\" data-element_type=\"widget\" data-e-type=\"widget\" data-widget_type=\"heading.default\">\n\t\t\t\t\t<h2 class=\"elementor-heading-title elementor-size-default\">Obiettivi Principali<\/h2>\t\t\t\t<\/div>\n\t\t\t\t<div class=\"elementor-element elementor-element-0d4d5ea elementor-widget elementor-widget-heading\" data-id=\"0d4d5ea\" data-element_type=\"widget\" data-e-type=\"widget\" data-widget_type=\"heading.default\">\n\t\t\t\t\t<h2 class=\"elementor-heading-title elementor-size-default\">Le soluzioni<\/h2>\t\t\t\t<\/div>\n\t\t\t\t<div class=\"elementor-element elementor-element-7fcb79c elementor-widget elementor-widget-text-editor\" data-id=\"7fcb79c\" data-element_type=\"widget\" data-e-type=\"widget\" data-widget_type=\"text-editor.default\">\n\t\t\t\t\t\t\t\t\t<p>Il progetto <strong>CALIPSO<\/strong> ha perseguito l&#8217;obiettivo di sviluppare soluzioni innovative nel settore delle celle a combustibile ad alta potenza, con applicazioni nei sistemi stazionari e nella mobilit\u00e0. Le attivit\u00e0 hanno riguardato lo sviluppo di nuovi componenti e processi produttivi, la caratterizzazione delle prestazioni e della sostenibilit\u00e0 delle soluzioni sviluppate, la progettazione di stack e moduli integrati e la valutazione delle potenzialit\u00e0 di trasferimento industriale. Il progetto si \u00e8 configurato come una ricerca <strong>high risk\/high gain<\/strong>, con l&#8217;ambizione di conseguire un cambiamento radicale di paradigma tecnologico e un significativo avanzamento delle conoscenze nel settore.<\/p>\t\t\t\t\t\t\t\t<\/div>\n\t\t<div class=\"elementor-element elementor-element-9befbc8 e-flex e-con-boxed e-con e-child\" data-id=\"9befbc8\" data-element_type=\"container\" data-e-type=\"container\">\n\t\t\t\t\t<div class=\"e-con-inner\">\n\t\t\t\t<div class=\"elementor-element elementor-element-4db0716 elementor-widget elementor-widget-text-editor\" data-id=\"4db0716\" data-element_type=\"widget\" data-e-type=\"widget\" data-widget_type=\"text-editor.default\">\n\t\t\t\t\t\t\t\t\t<p>In merito alle applicazioni, l\u2019attenzione \u00e8 dedicata al settore della generazione di elevate potenze e della mobilit\u00e0 pesante, settore strategico per un impatto significativo sugli obiettivi di mitigazione dei cambiamenti climatici e la riduzione dell\u2019inquinamento, ma anche settore in cui la sperimentazione di celle a combustibile \u00e8 ancora in corso e necessita una ulteriore attivit\u00e0 di ricerca di base.<\/p>\t\t\t\t\t\t\t\t<\/div>\n\t\t\t\t\t<\/div>\n\t\t\t\t<\/div>\n\t\t\t\t<\/div>\n\t\t\t\t\t<\/div>\n\t\t\t\t<\/div>\n\t\t<div class=\"elementor-element elementor-element-a20e69f e-grid e-con-boxed e-con e-parent\" data-id=\"a20e69f\" data-element_type=\"container\" data-e-type=\"container\">\n\t\t\t\t\t<div class=\"e-con-inner\">\n\t\t<div class=\"elementor-element elementor-element-28fd13a e-con-full e-flex e-con e-child\" data-id=\"28fd13a\" data-element_type=\"container\" data-e-type=\"container\" data-settings=\"{&quot;background_background&quot;:&quot;classic&quot;}\">\n\t\t\t\t<div class=\"elementor-element elementor-element-709d25a elementor-widget elementor-widget-text-editor\" data-id=\"709d25a\" data-element_type=\"widget\" data-e-type=\"widget\" data-widget_type=\"text-editor.default\">\n\t\t\t\t\t\t\t\t\t<div class=\"fact\"><h4>Membrane ad alta conducibilit\u00e0 \u200b<\/h4><p>Sviluppare membrane alternative al Nafion\u00ae, basate su polimeri non fluorurati opportunamente funzionalizzati, con prestazioni competitive e costi ridotti.<\/p><\/div>\t\t\t\t\t\t\t\t<\/div>\n\t\t\t\t<\/div>\n\t\t<div class=\"elementor-element elementor-element-7e0c61c e-con-full e-flex e-con e-child\" data-id=\"7e0c61c\" data-element_type=\"container\" data-e-type=\"container\" data-settings=\"{&quot;background_background&quot;:&quot;classic&quot;}\">\n\t\t\t\t<div class=\"elementor-element elementor-element-7d7b46d elementor-widget elementor-widget-text-editor\" data-id=\"7d7b46d\" data-element_type=\"widget\" data-e-type=\"widget\" data-widget_type=\"text-editor.default\">\n\t\t\t\t\t\t\t\t\t<h4>Riduzione del contenuto di platino<\/h4><p>Processi di deposizione del catalizzatore innovativi per abbattere il loading di Pt negli elettrodi MEA senza compromettere le prestazioni.<\/p>\t\t\t\t\t\t\t\t<\/div>\n\t\t\t\t<\/div>\n\t\t<div class=\"elementor-element elementor-element-78fae93 e-con-full e-flex e-con e-child\" data-id=\"78fae93\" data-element_type=\"container\" data-e-type=\"container\" data-settings=\"{&quot;background_background&quot;:&quot;classic&quot;}\">\n\t\t\t\t<div class=\"elementor-element elementor-element-a42ed22 elementor-widget elementor-widget-text-editor\" data-id=\"a42ed22\" data-element_type=\"widget\" data-e-type=\"widget\" data-widget_type=\"text-editor.default\">\n\t\t\t\t\t\t\t\t\t<h4>Assemblaggio di MEA ad alta potenza\u200b<\/h4><p>Processi industriali di assemblaggio di Membrane Electrode Assemblies ottimizzati per celle ad elevata densit\u00e0 di potenza.<\/p>\t\t\t\t\t\t\t\t<\/div>\n\t\t\t\t<\/div>\n\t\t<div class=\"elementor-element elementor-element-775c068 e-con-full e-flex e-con e-child\" data-id=\"775c068\" data-element_type=\"container\" data-e-type=\"container\" data-settings=\"{&quot;background_background&quot;:&quot;classic&quot;}\">\n\t\t\t\t<div class=\"elementor-element elementor-element-4c49ee9 elementor-widget elementor-widget-text-editor\" data-id=\"4c49ee9\" data-element_type=\"widget\" data-e-type=\"widget\" data-widget_type=\"text-editor.default\">\n\t\t\t\t\t\t\t\t\t<h4>Piatti bipolari ottimizzati<\/h4><p>Progettazione di piatti bipolari con spessore e layout dei canali ottimizzati per migliorare distribuzione dei gas e gestione termica.<\/p>\t\t\t\t\t\t\t\t<\/div>\n\t\t\t\t<\/div>\n\t\t<div class=\"elementor-element elementor-element-7bd7137 e-con-full e-flex e-con e-child\" data-id=\"7bd7137\" data-element_type=\"container\" data-e-type=\"container\" data-settings=\"{&quot;background_background&quot;:&quot;classic&quot;}\">\n\t\t\t\t<div class=\"elementor-element elementor-element-1fd231a elementor-widget elementor-widget-text-editor\" data-id=\"1fd231a\" data-element_type=\"widget\" data-e-type=\"widget\" data-widget_type=\"text-editor.default\">\n\t\t\t\t\t\t\t\t\t<h4>Stack PEM ad elevate prestazioni<\/h4><p>Caratterizzazione dinamica e design di stack PEM configurati per le specifiche applicazioni stazionarie e di mobilit\u00e0 individuate.<\/p>\t\t\t\t\t\t\t\t<\/div>\n\t\t\t\t<\/div>\n\t\t<div class=\"elementor-element elementor-element-d27e31e e-con-full e-flex e-con e-child\" data-id=\"d27e31e\" data-element_type=\"container\" data-e-type=\"container\" data-settings=\"{&quot;background_background&quot;:&quot;classic&quot;}\">\n\t\t\t\t<div class=\"elementor-element elementor-element-e38f07d elementor-widget elementor-widget-text-editor\" data-id=\"e38f07d\" data-element_type=\"widget\" data-e-type=\"widget\" data-widget_type=\"text-editor.default\">\n\t\t\t\t\t\t\t\t\t<h4>Piattaforma Cyber-Physical System<\/h4><p>CPS per l&#8217;emulazione integrata e realistica degli stack PEM; algoritmi avanzati di monitoraggio, diagnostica e gestione energetica operativa.<\/p>\t\t\t\t\t\t\t\t<\/div>\n\t\t\t\t<\/div>\n\t\t<div class=\"elementor-element elementor-element-4c1dbab e-con-full e-flex e-con e-child\" data-id=\"4c1dbab\" data-element_type=\"container\" data-e-type=\"container\" data-settings=\"{&quot;background_background&quot;:&quot;classic&quot;}\">\n\t\t\t\t<div class=\"elementor-element elementor-element-456b99a elementor-widget elementor-widget-text-editor\" data-id=\"456b99a\" data-element_type=\"widget\" data-e-type=\"widget\" data-widget_type=\"text-editor.default\">\n\t\t\t\t\t\t\t\t\t<h4>Celle MCFC di nuova generazione<\/h4><p>Miglioramento degli indici prestazionali delle celle a carbonati fusi, mitigazione della dissoluzione del NiO, ottimizzazione di elettrodi ed elettrolita.<\/p>\t\t\t\t\t\t\t\t<\/div>\n\t\t\t\t<\/div>\n\t\t<div class=\"elementor-element elementor-element-b8b94b0 e-con-full e-flex e-con e-child\" data-id=\"b8b94b0\" data-element_type=\"container\" data-e-type=\"container\" data-settings=\"{&quot;background_background&quot;:&quot;classic&quot;}\">\n\t\t\t\t<div class=\"elementor-element elementor-element-547a807 elementor-widget elementor-widget-text-editor\" data-id=\"547a807\" data-element_type=\"widget\" data-e-type=\"widget\" data-widget_type=\"text-editor.default\">\n\t\t\t\t\t\t\t\t\t<h4>Industrializzazione e filiera<\/h4><p>Trasferimento tecnologico verso produzione pre-commerciale, creazione di nuove filiere produttive italiane nel settore idrogeno.<\/p>\t\t\t\t\t\t\t\t<\/div>\n\t\t\t\t<\/div>\n\t\t\t\t\t<\/div>\n\t\t\t\t<\/div>\n\t\t<div class=\"elementor-element elementor-element-7eda9c2 e-grid e-con-boxed e-con e-parent\" data-id=\"7eda9c2\" data-element_type=\"container\" data-e-type=\"container\" data-settings=\"{&quot;background_background&quot;:&quot;classic&quot;}\">\n\t\t\t\t\t<div class=\"e-con-inner\">\n\t\t<div class=\"elementor-element elementor-element-aa2f627 e-con-full e-flex e-con e-child\" data-id=\"aa2f627\" data-element_type=\"container\" data-e-type=\"container\" data-settings=\"{&quot;background_background&quot;:&quot;classic&quot;}\">\n\t\t\t\t<div class=\"elementor-element elementor-element-763cc5b elementor-widget elementor-widget-text-editor\" data-id=\"763cc5b\" data-element_type=\"widget\" data-e-type=\"widget\" data-widget_type=\"text-editor.default\">\n\t\t\t\t\t\t\t\t\t<h4><strong>Celle polimeriche PEM ad alta potenza<\/strong><\/h4><p>Per le celle polimeriche in applicazioni ad alta potenza, la ricerca ha sviluppato tre linee di intervento principali.<\/p>\t\t\t\t\t\t\t\t<\/div>\n\t\t\t\t<\/div>\n\t\t<div class=\"elementor-element elementor-element-a5ef55b e-con-full e-flex e-con e-child\" data-id=\"a5ef55b\" data-element_type=\"container\" data-e-type=\"container\" data-settings=\"{&quot;background_background&quot;:&quot;classic&quot;}\">\n\t\t\t\t<div class=\"elementor-element elementor-element-261e453 elementor-widget elementor-widget-text-editor\" data-id=\"261e453\" data-element_type=\"widget\" data-e-type=\"widget\" data-widget_type=\"text-editor.default\">\n\t\t\t\t\t\t\t\t\t<h4><strong>Membrane ad alta durabilit\u00e0<\/strong><\/h4><p>La funzionalizzazione selettiva della fase amorfa di polimeri semicristallini ha rappresentato una delle sfide tecnico-scientifiche pi\u00f9 complesse del progetto, poich\u00e9 le membrane elettrolitiche polimeriche commerciali sono tradizionalmente completamente amorfe. I ricercatori dell&#8217;Universit\u00e0 Parthenope hanno applicato la selettivit\u00e0 delle fasi nanocristalline per ottenere una funzionalizzazione allo stato solido della sola fase amorfa, sfruttando agenti funzionalizzanti di dimensioni molecolari superiori a quelle delle nanocavit\u00e0. Questo approccio ha consentito di ottenere membrane semicristalline con elevata conducibilit\u00e0 ionica nella fase amorfa e superiore resistenza termica e chimica nella fase cristallina, garantendo al contempo una maggiore durabilit\u00e0 dell&#8217;assemblato membrana-elettrodo (MEA) grazie all&#8217;azione dei cristalli come reticolanti fisici contro il rigonfiamento da assorbimento d&#8217;acqua.<\/p>\t\t\t\t\t\t\t\t<\/div>\n\t\t\t\t<\/div>\n\t\t<div class=\"elementor-element elementor-element-3fa6c08 e-con-full e-flex e-con e-child\" data-id=\"3fa6c08\" data-element_type=\"container\" data-e-type=\"container\" data-settings=\"{&quot;background_background&quot;:&quot;classic&quot;}\">\n\t\t\t\t<div class=\"elementor-element elementor-element-44c115a elementor-widget elementor-widget-text-editor\" data-id=\"44c115a\" data-element_type=\"widget\" data-e-type=\"widget\" data-widget_type=\"text-editor.default\">\n\t\t\t\t\t\t\t\t\t<h4><strong>Riduzione del contenuto di platino<\/strong>\u200b<\/h4><p>Il contenuto di catalizzatore \u00e8 stato ridotto attraverso la tecnica di deposizione laser ad impulsi (PLD), applicata per la prima volta in questo contesto. La tecnica ha consentito di generare un plasma di atomi di platino disperso sulla matrice bersaglio in forma nanoparticellare, con controllo preciso della quantit\u00e0 depositata in funzione del tempo di processo. L&#8217;approccio ha permesso di ridurre significativamente il costo dei MEA, che rappresentano circa il 50% del costo totale dello stack, mantenendo inalterata la conducibilit\u00e0 elettrica.<\/p>\t\t\t\t\t\t\t\t<\/div>\n\t\t\t\t<\/div>\n\t\t<div class=\"elementor-element elementor-element-8272f60 e-con-full e-flex e-con e-child\" data-id=\"8272f60\" data-element_type=\"container\" data-e-type=\"container\" data-settings=\"{&quot;background_background&quot;:&quot;classic&quot;}\">\n\t\t\t\t<div class=\"elementor-element elementor-element-99ce94b elementor-widget elementor-widget-text-editor\" data-id=\"99ce94b\" data-element_type=\"widget\" data-e-type=\"widget\" data-widget_type=\"text-editor.default\">\n\t\t\t\t\t\t\t\t\t<h4><strong>Ottimizzazione dei piatti bipolari<\/strong><\/h4><p>Attraverso attivit\u00e0 di modellazione numerica multidimensionale e simulazioni CFD, CALIPSO ha ottimizzato il disegno, lo spessore e il percorso dei canali dei piatti bipolari. Le simulazioni hanno permesso di analizzare ad alta risoluzione i fenomeni locali all&#8217;interno della cella \u2014 distribuzione della temperatura, dei flussi di idrogeno e ossigeno, dell&#8217;acqua e delle specie chimiche \u2014 ottenendo piatti bipolari con layout ottimizzati per elevate prestazioni e costi di produzione ridotti.<\/p>\t\t\t\t\t\t\t\t<\/div>\n\t\t\t\t<\/div>\n\t\t\t\t\t<\/div>\n\t\t\t\t<\/div>\n\t\t<div class=\"elementor-element elementor-element-0d00ccd e-grid e-con-boxed e-con e-parent\" data-id=\"0d00ccd\" data-element_type=\"container\" data-e-type=\"container\" data-settings=\"{&quot;background_background&quot;:&quot;classic&quot;}\">\n\t\t\t\t\t<div class=\"e-con-inner\">\n\t\t<div class=\"elementor-element elementor-element-2fe01b3 e-con-full e-flex e-con e-child\" data-id=\"2fe01b3\" data-element_type=\"container\" data-e-type=\"container\" data-settings=\"{&quot;background_background&quot;:&quot;classic&quot;}\">\n\t\t\t\t<div class=\"elementor-element elementor-element-8e97572 elementor-widget elementor-widget-text-editor\" data-id=\"8e97572\" data-element_type=\"widget\" data-e-type=\"widget\" data-widget_type=\"text-editor.default\">\n\t\t\t\t\t\t\t\t\t<h4><strong>Ottimizzazione dello stack PEM<\/strong><\/h4><p>Il progetto ha introdotto importanti innovazioni nell&#8217;ottimizzazione dello stack PEM, sia a livello di struttura interna che di configurazione esterna. \u00c8 stato progettato un sistema di distribuzione dei gas in grado di alimentare in modo uniforme tutte le celle dello stack, superando i limiti attuali in termini di numero totale di celle e raggiungendo elevate densit\u00e0 energetiche.<\/p>\t\t\t\t\t\t\t\t<\/div>\n\t\t\t\t<\/div>\n\t\t<div class=\"elementor-element elementor-element-9b214f8 e-con-full e-flex e-con e-child\" data-id=\"9b214f8\" data-element_type=\"container\" data-e-type=\"container\" data-settings=\"{&quot;background_background&quot;:&quot;classic&quot;}\">\n\t\t\t\t<div class=\"elementor-element elementor-element-59d76d5 elementor-widget elementor-widget-text-editor\" data-id=\"59d76d5\" data-element_type=\"widget\" data-e-type=\"widget\" data-widget_type=\"text-editor.default\">\n\t\t\t\t\t\t\t\t\t<h4><strong>Celle ad alta temperatura MCFC<\/strong><\/h4><p>CALIPSO ha affrontato anche lo sviluppo di celle a carbonati fusi (MCFC), con l&#8217;obiettivo di ottenere una configurazione competitiva sia in termini prestazionali che di processo manifatturiero. I target raggiunti hanno incluso un aumento del <strong>20% dell&#8217;efficienza elettrica<\/strong> e una riduzione del <strong>40% del CAPEX<\/strong>, con applicazioni nei sistemi stazionari di grande taglia e nel settore della mobilit\u00e0 navale. Le celle sviluppate hanno garantito alte densit\u00e0 di potenza per lunghi periodi di funzionamento (40.000\u201360.000 ore), attraverso la modifica delle caratteristiche microstrutturali dei diversi strati di cella e l&#8217;adozione di materiali e processi produttivi alternativi, tra cui tecniche consolidate come il tape-casting affiancate a soluzioni innovative di deposizione sostenibili ed automatizzabili. A supporto delle attivit\u00e0 sperimentali, \u00e8 stato sviluppato il codice di simulazione <strong>SIMFC<\/strong>, registrabile come prodotto proprietario, che ha fornito uno strumento validato per la previsione, il controllo e la diagnosi della configurazione innovativa di cella MCFC sviluppata.<\/p>\t\t\t\t\t\t\t\t<\/div>\n\t\t\t\t<\/div>\n\t\t\t\t\t<\/div>\n\t\t\t\t<\/div>\n\t\t\t\t<\/div>\n\t\t","protected":false},"excerpt":{"rendered":"<p>Innovazione Energetica Ricerca e sviluppo di componenti di Celle a Combustibile Obiettivi realizzativi articolati in attivit\u00e0 di ricerca fondamentale, industriale e sperimentale Obiettivi Principali Le soluzioni Il progetto CALIPSO ha perseguito l&#8217;obiettivo di sviluppare soluzioni innovative nel settore delle celle a combustibile ad alta potenza, con applicazioni nei sistemi stazionari e nella mobilit\u00e0. Le attivit\u00e0 [&hellip;]<\/p>\n","protected":false},"author":1,"featured_media":0,"parent":0,"menu_order":0,"comment_status":"closed","ping_status":"closed","template":"","meta":{"footnotes":""},"class_list":["post-358","page","type-page","status-publish","hentry"],"_links":{"self":[{"href":"https:\/\/calipsoweb.it\/index.php\/wp-json\/wp\/v2\/pages\/358","targetHints":{"allow":["GET"]}}],"collection":[{"href":"https:\/\/calipsoweb.it\/index.php\/wp-json\/wp\/v2\/pages"}],"about":[{"href":"https:\/\/calipsoweb.it\/index.php\/wp-json\/wp\/v2\/types\/page"}],"author":[{"embeddable":true,"href":"https:\/\/calipsoweb.it\/index.php\/wp-json\/wp\/v2\/users\/1"}],"replies":[{"embeddable":true,"href":"https:\/\/calipsoweb.it\/index.php\/wp-json\/wp\/v2\/comments?post=358"}],"version-history":[{"count":37,"href":"https:\/\/calipsoweb.it\/index.php\/wp-json\/wp\/v2\/pages\/358\/revisions"}],"predecessor-version":[{"id":767,"href":"https:\/\/calipsoweb.it\/index.php\/wp-json\/wp\/v2\/pages\/358\/revisions\/767"}],"wp:attachment":[{"href":"https:\/\/calipsoweb.it\/index.php\/wp-json\/wp\/v2\/media?parent=358"}],"curies":[{"name":"wp","href":"https:\/\/api.w.org\/{rel}","templated":true}]}}